 base 4, what is 2101210 - 213?
2100331
In base 6, what is -45312 + 2?
-45310
In base 6, what is 123 - -310554?
311121
In base 6, what is -12 + -10352?
-10404
In base 5, what is -132 - -342140?
342003
In base 12, what is 31 - 251?
-220
In base 14, what is -b3 - -18a?
b7
In base 2, what is -11011110 + -10110010111?
-11001110101
In base 13, what is -1969 - -8?
-1961
In base 12, what is 4 + 118b8?
11900
In base 13, what is -12 + -2c87?
-2c99
In base 9, what is -3 + -2613118?
-2613122
In base 14, what is a7ba + -4?
a7b6
In base 16, what is 27a2 + -25?
277d
In base 12, what is -5 - 129237?
-129240
In base 6, what is -4 - -15231?
15223
In base 14, what is 3b - b70?
-b33
In base 5, what is 1 - -1412322?
1412323
In base 7, what is -124502 - 160?
-124662
In base 10, what is 13705 + -73?
13632
In base 3, what is 2 + -112111220?
-112111211
In base 3, what is -20001 + 112100?
22022
In base 13, what is 3 + -3c16?
-3c13
In base 6, what is -212000 - -12?
-211544
In base 14, what is -cac86 - -7?
-cac7d
In base 5, what is -31410 + -1?
-31411
In base 13, what is 4 + -6489?
-6485
In base 8, what is 345402 - 5?
345375
In base 5, what is -20004342 - 2?
-20004344
In base 8, what is -3532 + 14?
-3516
In base 7, what is 2061356 + -5?
2061351
In base 5, what is 112 + 433323?
433440
In base 15, what is b6ae6 + -2?
b6ae4
In base 5, what is 3 - 134110?
-134102
In base 10, what is 4201 - -59?
4260
In base 15, what is -2 + 4a7a?
4a78
In base 7, what is 50525 + 2?
50530
In base 8, what is -1577701 + -2?
-1577703
In base 3, what is -112011 - 110122?
-222210
In base 7, what is 106024 + -2?
106022
In base 9, what is 13334545 + 3?
13334548
In base 14, what is 4 + -34ab?
-34a7
In base 9, what is -67 + 55?
-12
In base 7, what is -3 - 60256?
-60262
In base 2, what is -10111000100101 + -11?
-10111000101000
In base 9, what is 2257 - 13?
2244
In base 13, what is -5a07 - 2b?
-5a35
In base 9, what is 115 + -56?
48
In base 14, what is 733623 - -4?
733627
In base 4, what is 31021 + 1231?
32312
In base 16, what is b7 - -158?
20f
In base 5, what is -10 + -4231314?
-4231324
In base 9, what is 27 + 1162?
1200
In base 13, what is -4 + -abb58?
-abb5c
In base 7, what is 365554 - -2?
365556
In base 16, what is 82 - e0?
-5e
In base 10, what is 5 + 546678?
546683
In base 15, what is 8b5b - -5?
8b61
In base 13, what is 4068925 - -2?
4068927
In base 8, what is 103 - 75?
6
In base 8, what is 5 - 6065?
-6060
In base 4, what is -1023032301 + 22?
-1023032213
In base 10, what is 0 - -109388?
109388
In base 7, what is -252 - 434?
-1016
In base 3, what is 1112022120 + 112?
1112100002
In base 15, what is -17199 - 12?
-171ab
In base 5, what is 0 + -311023?
-311023
In base 15, what is -14518 + -32?
-1454a
In base 9, what is 11860 + 36?
12006
In base 14, what is 8a6 + -30?
876
In base 15, what is -2d + 1d0d?
1cd0
In base 6, what is -445 - -11404?
10515
In base 15, what is 41 + -2406?
-23b5
In base 6, what is 110 - 452431?
-452321
In base 12, what is 2648 - 9?
263b
In base 11, what is 30 - 1a17?
-1997
In base 15, what is 84157 + -1?
84156
In base 11, what is -4 + -722031?
-722035
In base 10, what is -5420 - 59?
-5479
In base 7, what is 15 + -636?
-621
In base 4, what is 0 + -1203221313?
-1203221313
In base 3, what is 12002101 + -2?
12002022
In base 7, what is 3651105 + 2?
3651110
In base 6, what is 15452 + 2015?
21511
In base 9, what is -21 - 28375?
-28406
In base 14, what is -141 - -3?
-13c
In base 4, what is -3 + 102220302?
102220233
In base 3, what is -10 - -202121112?
202121102
In base 3, what is -12 - 112110000?
-112110012
In base 8, what is 24504 + -7?
24475
In base 7, what is 5251 - -14?
5265
In base 5, what is 10344 + 41442?
102341
In base 11, what is -7949 - -2?
-7947
In base 13, what is c58b + -4?
c587
In base 6, what is 5 + 42505305?
42505314
In base 8, what is 10267 - 22?
10245
In base 3, what is 11102 - -2011?
20120
In base 9, what is -62 + -1346?
-1418
In base 8, what is 6320 + -15?
6303
In base 15, what is 65 + -10d?
-98
In base 9, what is -5 - 77848?
-77854
In base 2, what is -1100111000110100 + 1?
-1100111000110011
In base 15, what is -e77 + 886?
-5e1
In base 4, what is 3221 - -33303?
103130
In base 5, what is 0 - -24232141?
24232141
In base 13, what is -1c244 - -10?
-1c234
In base 10, what is -808 + -1463?
-2271
In base 4, what is 0 - 33113023?
-33113023
In base 10, what is -28246 - -11?
-28235
In base 10, what is 5 + 1706?
1711
In base 5, what is -4 - -10440403?
10440344
In base 15, what is -5 + -9bd7a?
-9bd80
In base 14, what is -a0d - -35?
-9b8
In base 14, what is 39 - -2ac?
307
In base 10, what is -214580 + -5?
-214585
In base 16, what is aaa0 - 5?
aa9b
In base 7, what is 2 + 3434551?
3434553
In base 3, what is -12201200002 - 2?
-12201200011
In base 11, what is 3 + 20041?
20044
In base 5, what is -32403 - -341?
-32012
In base 3, what is 101 - 2121012?
-2120211
In base 7, what is 110 + 322?
432
In base 7, what is 2016 - -12?
2031
In base 6, what is 30135 - -21?
30200
In base 4, what is -10 - 212012311?
-212012321
In base 2, what is 10101111101110110 - 1000?
10101111101101110
In base 15, what is -625bd + 3?
-625ba
In base 9, what is -317 - 2284?
-2612
In base 16, what is 63273 - 6?
6326d
In base 8, what is -306 + -42?
-350
In base 9, what is -1544 - 1?
-1545
In base 15, what is -2 + 30b3?
30b1
In base 15, what is 2 - -11aa?
11ac
In base 13, what is -1297 + 3?
-1294
In base 15, what is -dc2 + -d?
-dd0
In base 10, what is -27250 + -77?
-27327
In base 15, what is -208c8 + -24?
-208ec
In base 11, what is 2aa45 + 45?
2aa8a
In base 7, what is -1 + 22112?
22111
In base 4, what is -10121 + -3132003?
-3202130
In base 12, what is 2 - 3969?
-3967
In base 3, what is 11 - -101001102022?
101001102110
In base 14, what is -3ba + -53a?
-916
In base 13, what is 1ac3 - -7?
1aca
In base 3, what is -220212022 - -22?
-220212000
In base 4, what is 3 - -30100000?
30100003
In base 12, what is -21b2 - 7?
-21b9
In base 13, what is 4a3a + 1?
4a3b
In base 9, what is -782 + -12?
-804
In base 4, what is 11 + -111231?
-111220
In base 5, what is -13024 - 442?
-14021
In base 14, what is -19bcb - 9?
-19bd6
In base 12, what is -83 + -3283?
-3346
In base 13, what is 5 + 1bc4?
1bc9
In base 13, what is -307 - c6?
-400
In base 8, what is 14173 - -324?
14517
In base 16, what is -31e + 1b9?
-165
In base 16, what is -f + -1512?
-1521
In base 15, what is 3 + 27335?
27338
In base 10, what is 4 + 519994?
519998
In base 9, what is -1 + -7083?
-7084
In base 14, what is 273d2 + -19?
273b7
In base 6, what is -2 + -1221400?
-1221402
In base 7, what is 262 - -53?
345
In base 2, what is 11111100 - -1000011010?
1100010110
In base 8, what is 227025 + 7?
227034
In base 9, what is 1 - 3823?
-3822
In base 7, what is -26466 - -35?
-26431
In base 9, what is 78 - 1320?
-1231
In base 9, what is -1 + -1236684?
-1236685
In base 13, what is -4 + 22c27?
22c23
In base 5, what is -4 - 244140?
-244144
In base 6, what is -2351 - 1305?
-4100
In base 7, what is -2421 + -52?
-2503
In base 14, what is 7 + 15573?
1557a
In base 7, what is -1164 + -203?
-1400
In base 10, what is -30200 + -3?
-30203
In base 4, what is -21011 - -1331132?
1310121
In base 6, what is -544051 - 4?
-544055
In base 2, what is 100111000011000000001 + -100?
100111000010111111101
In base 9, what is -131 + 4052?
3821
In base 11, what is 20 + -4347?
-4327
In base 7, what is -1 - -424233?
424232
In base 11, what is 6831 - 1?
6830
In base 6, what is 2 - 350050?
-350044
In base 9, what is 381 + 2850?
3341
In base 16, what is -b9134 + 3?
-b9131
In base 13, what is 13c - -1129?
1268
In base 13, what is 10 - -76b1?
76c1
In base 9, what is 32184 + 11?
32205
In base 7, what is -424521 - -1?
-424520
In base 2, what is 111110 + 100010011111110?
100010100111100
In base 7, what is 3 + 51600?
51603
In base 13, what is -2 - -5183?
5181
In base 16, what is -2 - c4cf?
-c4d1
In base 11, what is -314 - -125?
-19a
In base 15, what is -e0 + 68a8?
67b8
In base 13, what is 6 - 201?
-1c8
In base 8, what is -14 - -162201?
162165
In base 10, what is -3 - 67379?
-67382
In base 5, what is -1333 - -12024?
10141
In base 16, what is 0 + 53ff?
53ff
In base 3, what is -1222002 - 1021?
-2000100
In base 12, what is b - 476a?
-475b
In base 12, what is -4496 - -3?
-4493
In base 4, what is -11233221 - 101?
-11233322
In base 7, 